{"id":433,"date":"2023-03-13T14:45:57","date_gmt":"2023-03-13T13:45:57","guid":{"rendered":"https:\/\/www.holzloewe.at\/?page_id=433"},"modified":"2023-07-06T08:18:49","modified_gmt":"2023-07-06T06:18:49","slug":"werkstatt-3","status":"publish","type":"page","link":"https:\/\/www.holzloewe.at\/?page_id=433","title":{"rendered":"Lohnschnitt Blockbands\u00e4ge"},"content":{"rendered":"\t\t<div data-elementor-type=\"wp-page\" data-elementor-id=\"433\" class=\"elementor elementor-433\">\n\t\t\t\t\t\t<section class=\"elementor-section elementor-top-section elementor-element elementor-element-0024332 elementor-section-boxed elementor-section-height-default elementor-section-height-default\" data-id=\"0024332\" data-element_type=\"section\">\n\t\t\t\t\t\t<div class=\"elementor-container elementor-column-gap-default\">\n\t\t\t\t\t<div class=\"elementor-column elementor-col-100 elementor-top-column elementor-element elementor-element-f464e0c\" data-id=\"f464e0c\" data-element_type=\"column\">\n\t\t\t<div class=\"elementor-widget-wrap elementor-element-populated\">\n\t\t\t\t\t\t<div class=\"elementor-element elementor-element-024dd68 elementor-widget elementor-widget-text-editor\" data-id=\"024dd68\" data-element_type=\"widget\" data-widget_type=\"text-editor.default\">\n\t\t\t\t<div class=\"elementor-widget-container\">\n\t\t\t<style>\/*! elementor - v3.19.0 - 07-02-2024 *\/\n.elementor-widget-text-editor.elementor-drop-cap-view-stacked .elementor-drop-cap{background-color:#69727d;color:#fff}.elementor-widget-text-editor.elementor-drop-cap-view-framed .elementor-drop-cap{color:#69727d;border:3px solid;background-color:transparent}.elementor-widget-text-editor:not(.elementor-drop-cap-view-default) .elementor-drop-cap{margin-top:8px}.elementor-widget-text-editor:not(.elementor-drop-cap-view-default) .elementor-drop-cap-letter{width:1em;height:1em}.elementor-widget-text-editor .elementor-drop-cap{float:left;text-align:center;line-height:1;font-size:50px}.elementor-widget-text-editor .elementor-drop-cap-letter{display:inline-block}<\/style>\t\t\t\t<p><span style=\"font-variant-ligatures: normal; font-variant-caps: normal; font-family: Corben, sans-serif; font-size: 16px; font-style: normal; font-weight: 400;\">Die Blockbands\u00e4ge wurde so adaptiert, dass sehr kurze und unf\u00f6rmige Holzst\u00fccke b<\/span><span style=\"font-variant-ligatures: normal; font-variant-caps: normal; font-family: Corben, sans-serif; font-size: 16px; font-style: normal; font-weight: 400;\">eliebig dick geschnitten werden k\u00f6nnen.<\/span><\/p>\t\t\t\t\t\t<\/div>\n\t\t\t\t<\/div>\n\t\t\t\t<div class=\"elementor-element elementor-element-657b294 elementor-widget elementor-widget-read-more\" data-id=\"657b294\" data-element_type=\"widget\" data-widget_type=\"read-more.default\">\n\t\t\t\t<div class=\"elementor-widget-container\">\n\t\t\t<\/div><\/div><\/div><\/div><\/div><\/section><\/div> <a href=\"https:\/\/www.holzloewe.at\/?page_id=433#more-433\" class=\"more-link elementor-more-link\"><span aria-label=\"Weiterlesen: Lohnschnitt Blockbands\u00e4ge\">Weiterlesen<\/span><\/a>","protected":false},"excerpt":{"rendered":"<p>Die Blockbands\u00e4ge wurde so adaptiert, dass sehr kurze und unf\u00f6rmige Holzst\u00fccke beliebig dick geschnitten werden k\u00f6nnen.<\/p>\n","protected":false},"author":1,"featured_media":571,"parent":0,"menu_order":0,"comment_status":"closed","ping_status":"closed","template":"","meta":{"footnotes":"","_links_to":"","_links_to_target":""},"class_list":["post-433","page","type-page","status-publish","has-post-thumbnail","hentry"],"_links":{"self":[{"href":"https:\/\/www.holzloewe.at\/index.php?rest_route=\/wp\/v2\/pages\/433","targetHints":{"allow":["GET"]}}],"collection":[{"href":"https:\/\/www.holzloewe.at\/index.php?rest_route=\/wp\/v2\/pages"}],"about":[{"href":"https:\/\/www.holzloewe.at\/index.php?rest_route=\/wp\/v2\/types\/page"}],"author":[{"embeddable":true,"href":"https:\/\/www.holzloewe.at\/index.php?rest_route=\/wp\/v2\/users\/1"}],"replies":[{"embeddable":true,"href":"https:\/\/www.holzloewe.at\/index.php?rest_route=%2Fwp%2Fv2%2Fcomments&post=433"}],"version-history":[{"count":48,"href":"https:\/\/www.holzloewe.at\/index.php?rest_route=\/wp\/v2\/pages\/433\/revisions"}],"predecessor-version":[{"id":1171,"href":"https:\/\/www.holzloewe.at\/index.php?rest_route=\/wp\/v2\/pages\/433\/revisions\/1171"}],"wp:featuredmedia":[{"embeddable":true,"href":"https:\/\/www.holzloewe.at\/index.php?rest_route=\/wp\/v2\/media\/571"}],"wp:attachment":[{"href":"https:\/\/www.holzloewe.at\/index.php?rest_route=%2Fwp%2Fv2%2Fmedia&parent=433"}],"curies":[{"name":"wp","href":"https:\/\/api.w.org\/{rel}","templated":true}]}}